ns digit of 72?
7
What is the units digit of 41910?
0
What is the tens digit of 11061?
6
What is the ten thousands digit of 13011?
1
What is the tens digit of 2193?
9
What is the hundreds digit of 20008?
0
What is the units digit of 7028?
8
What is the units digit of 1718?
8
What is the hundreds digit of 2170?
1
What is the hundreds digit of 6124?
1
What is the ten thousands digit of 14582?
1
What is the units digit of 4464?
4
What is the units digit of 18527?
7
What is the hundreds digit of 1684?
6
What is the tens digit of 4517?
1
What is the hundreds digit of 681?
6
What is the hundreds digit of 4238?
2
What is the hundred thousands digit of 102742?
1
What is the tens digit of 11349?
4
What is the thousands digit of 6256?
6
What is the units digit of 4944?
4
What is the hundreds digit of 12192?
1
What is the tens digit of 2308?
0
What is the ten thousands digit of 10727?
1
What is the hundreds digit of 602?
6
What is the units digit of 1408?
8
What is the tens digit of 3763?
6
What is the units digit of 9296?
6
What is the units digit of 42419?
9
What is the units digit of 876?
6
What is the tens digit of 1494?
9
What is the ten thousands digit of 61642?
6
What is the ten thousands digit of 36233?
3
What is the hundreds digit of 6096?
0
What is the hundreds digit of 546?
5
What is the ten thousands digit of 49638?
4
What is the thousands digit of 5199?
5
What is the hundreds digit of 33840?
8
What is the tens digit of 90868?
6
What is the hundreds digit of 742?
7
What is the units digit of 15337?
7
What is the tens digit of 58487?
8
What is the tens digit of 5671?
7
What is the ten thousands digit of 16318?
1
What is the units digit of 2935?
5
What is the ten thousands digit of 13754?
1
What is the units digit of 1738?
8
What is the tens digit of 5924?
2
What is the units digit of 263?
3
What is the units digit of 300?
0
What is the hundreds digit of 168487?
4
What is the thousands digit of 1957?
1
What is the tens digit of 28724?
2
What is the tens digit of 340?
4
What is the tens digit of 1127?
2
What is the thousands digit of 84805?
4
What is the hundreds digit of 60359?
3
What is the thousands digit of 51338?
1
What is the units digit of 35119?
9
What is the ten thousands digit of 65135?
6
What is the hundreds digit of 2256?
2
What is the ten thousands digit of 44051?
4
What is the thousands digit of 4339?
4
What is the tens digit of 17950?
5
What is the units digit of 14491?
1
What is the tens digit of 638?
3
What is the units digit of 279?
9
What is the units digit of 1739?
9
What is the thousands digit of 5500?
5
What is the hundreds digit of 8876?
8
What is the tens digit of 1168?
6
What is the hundreds digit of 812?
8
What is the thousands digit of 4245?
4
What is the tens digit of 379?
7
What is the tens digit of 360?
6
What is the thousands digit of 2173?
2
What is the hundreds digit of 403?
4
What is the hundreds digit of 4736?
7
What is the tens digit of 8753?
5
What is the thousands digit of 1940?
1
What is the units digit of 2766?
6
What is the units digit of 13478?
8
What is the hundreds digit of 356?
3
What is the units digit of 8604?
4
What is the hundreds digit of 4994?
9
What is the thousands digit of 2248?
2
What is the units digit of 1350?
0
What is the units digit of 29696?
6
What is the hundreds digit of 5218?
2
What is the tens digit of 783?
8
What is the units digit of 6722?
2
What is the hundreds digit of 726?
7
What is the units digit of 8155?
5
What is the tens digit of 1055?
5
What is the units digit of 5449?
9
What is the units digit of 35846?
6
What is the thousands digit of 1042?
1
What is the tens digit of 1105?
0
What is the units digit of 561?
1
What is the ten thousands digit of 123146?
2
What is the tens digit of 81422?
2
What is the tens digit of 530?
3
What is the hundreds digit of 7166?
1
What is the tens digit of 2613?
1
What is the hundreds digit of 11923?
9
What is the tens digit of 2110?
1
What is the tens digit of 43161?
6
What is the units digit of 4682?
2
What is the thousands digit of 7238?
7
What is the thousands digit of 2954?
2
What is the tens digit of 795?
9
What is the ten thousands digit of 53744?
5
What is the units digit of 1121?
1
What is the hundreds digit of 1860?
8
What is the units digit of 7409?
9
What is the hundreds digit of 6030?
0
What is the thousands digit of 18039?
8
What is the hundred thousands digit of 129843?
1
What is the tens digit of 5226?
2
What is the units digit of 8848?
8
What is the units digit of 479?
9
What is the tens digit of 24961?
6
What is the thousands digit of 12057?
2
What is the tens digit of 933?
3
What is the units digit of 1256?
6
What is the hundreds digit of 3931?
9
What is the hundreds digit of 338?
3
What is the hundreds digit of 8887?
8
What is the units digit of 2340?
0
What is the thousands digit of 11751?
1
What is the tens digit of 4103?
0
What is the thousands digit of 32855?
2
What is the hundreds digit of 4380?
3
What is the units digit of 12?
2
What is the units digit of 3370?
0
What is the units digit of 21967?
7
What is the units digit of 74399?
9
What is the thousands digit of 1823?
1
What is the hundreds digit of 7920?
9
What is the tens digit of 2249?
4
What is the hundreds digit of 954?
9
What is the units digit of 99431?
1
What is the thousands digit of 69049?
9
What is the tens digit of 12878?
7
What is the hundreds digit of 54386?
3
What is the units digit of 896?
6
What is the tens digit of 62313?
1
What is the units digit of 1218?
8
What is the tens digit of 109?
0
What is the thousands digit of 3689?
3
What is the tens digit of 559?
5
What is the hundreds digit of 453?
4
What is the units digit of 13308?
8
What is the hundreds digit of 310?
3
What is the ten thousands digit of 13650?
1
What is the hundreds digit of 937?
9
What is the units digit of 1035?
5
What is the tens digit of 974?
7
What is the tens digit of 440?
4
What is the tens digit of 7543?
4
What is the tens digit of 3824?
2
What is the units digit of 74613?
3
What is the thousands digit of 24675?
4
What is the tens digit of 104638?
3
What is the tens digit of 4683?
8
What is the tens digit of 3649?
4
What is the hundreds digit of 1984?
9
What is the units digit of 696?
6
What is the tens digit of 2685?
8
What is the ten thousands digit of 55080?
5
What is the units digit of 14633?
3
What is the tens digit of 1579?
7
What is the tens digit of 35164?
6
What is the units digit of 86778?
8
What is the hundreds digit of 3222?
2
What is the units digit of 7240?
0
What is the units digit of 35029?
9
What is the tens digit of 534?
3
What is the thousands digit of 10988?
0
What is the hundreds digit of 4197?
1
What is the hundreds digit of 375?
3
What is the tens digit of 878?
7
What is the hundreds digit of 9213?
2
What is the ten thousands digit of 31138?
3
What is the thousands digit of 11694?
1
What is the hundreds digit of 9152?
1
What is the thousands digit of 22112?
2
What is the hundreds digit of 429?
4
What is the ten thousands digit of 27384?
2
What is the tens digit of 16222?
2
What is the hundreds digit of 51923?
9
What is the thousands digit of 4564?
4
What is the tens digit of 506?
0
What is the tens digit of 401?
0
What is the hundred thousands digit of 114001?
1
What is the tens digit of 1658?
5
What is the units digit of 3856?
6
What is the tens digit of 2700?
0
What is the units digit of 11834?
4
What is the thousands digit of 2459?
2
What is the hundreds digit of 8985?
9
What is the hundreds digit of 5011?
0
What is the thousands digit of 5355?
5
What is the hundreds digit of 17178?
1
What is the units digit of 6854?
4
What is the hundreds digit of 2602?
6
What is the units digit of 6452?
2
What is the thousands digit of 1157?
1
What is the tens digit of 2367?
6
What is the units digit of 4931?
1
What is the hundreds digit of 1387?
3
What is the units digit of 85258?
8
What is the hundreds digit of 97384?
3
What is the units digit of 15999?
9
What is the tens digit of 1631?
3
What is the tens digit of 5906?
0
What is the units digit of 8285?
5
What is the hundreds digit of 255?
2
What is the units digit of 3103?
3
What is the units digit of 2606?
6
What is the units digit of 4523?
3
What is the hundreds digit of 11041?
0
What is the hundreds 